the hundred thousands digit of 202388?
2
What is the tens digit of 5725497?
9
What is the hundreds digit of 29174?
1
What is the ten thousands digit of 24247?
2
What is the ten thousands digit of 1008348?
0
What is the tens digit of 274557?
5
What is the thousands digit of 4068980?
8
What is the ten thousands digit of 12406293?
0
What is the ten thousands digit of 5676586?
7
What is the ten thousands digit of 861911?
6
What is the ten thousands digit of 180588?
8
What is the ten thousands digit of 211754?
1
What is the millions digit of 1196542?
1
What is the units digit of 2469199?
9
What is the tens digit of 1893010?
1
What is the tens digit of 360995?
9
What is the tens digit of 5998909?
0
What is the ten thousands digit of 1853128?
5
What is the ten thousands digit of 363696?
6
What is the hundred thousands digit of 709551?
7
What is the tens digit of 332315?
1
What is the units digit of 4823684?
4
What is the units digit of 15757946?
6
What is the hundreds digit of 998149?
1
What is the ten millions digit of 22518318?
2
What is the hundreds digit of 18657033?
0
What is the millions digit of 12541311?
2
What is the hundred thousands digit of 9878456?
8
What is the hundred thousands digit of 244096?
2
What is the hundred thousands digit of 18023977?
0
What is the ten thousands digit of 10913820?
1
What is the thousands digit of 1980137?
0
What is the ten thousands digit of 11379531?
7
What is the tens digit of 383599?
9
What is the tens digit of 914075?
7
What is the ten thousands digit of 1104798?
0
What is the hundreds digit of 15714?
7
What is the tens digit of 669353?
5
What is the tens digit of 929765?
6
What is the units digit of 94989?
9
What is the hundred thousands digit of 5017292?
0
What is the hundred thousands digit of 285402?
2
What is the hundreds digit of 356224?
2
What is the tens digit of 149136?
3
What is the units digit of 25392996?
6
What is the ten thousands digit of 592951?
9
What is the tens digit of 463137?
3
What is the units digit of 640386?
6
What is the hundreds digit of 13704940?
9
What is the hundreds digit of 229928?
9
What is the units digit of 8661107?
7
What is the millions digit of 3469283?
3
What is the units digit of 210865?
5
What is the ten millions digit of 36504022?
3
What is the millions digit of 4770958?
4
What is the millions digit of 2557877?
2
What is the ten thousands digit of 710698?
1
What is the thousands digit of 315463?
5
What is the thousands digit of 291494?
1
What is the units digit of 8986?
6
What is the hundred thousands digit of 30389953?
3
What is the thousands digit of 7098960?
8
What is the tens digit of 245882?
8
What is the thousands digit of 3197849?
7
What is the thousands digit of 823329?
3
What is the ten thousands digit of 7350822?
5
What is the hundreds digit of 39825?
8
What is the thousands digit of 581131?
1
What is the ten thousands digit of 2665208?
6
What is the ten thousands digit of 271660?
7
What is the tens digit of 386207?
0
What is the ten thousands digit of 1890599?
9
What is the ten thousands digit of 61287?
6
What is the thousands digit of 1789970?
9
What is the units digit of 437293?
3
What is the units digit of 551672?
2
What is the millions digit of 4885858?
4
What is the tens digit of 524664?
6
What is the hundreds digit of 470433?
4
What is the tens digit of 5795696?
9
What is the millions digit of 2952453?
2
What is the hundred thousands digit of 7360894?
3
What is the ten thousands digit of 8128352?
2
What is the ten thousands digit of 530373?
3
What is the units digit of 321025?
5
What is the hundreds digit of 1679464?
4
What is the millions digit of 9204389?
9
What is the millions digit of 1383278?
1
What is the hundred thousands digit of 266518?
2
What is the thousands digit of 34751?
4
What is the tens digit of 21471028?
2
What is the tens digit of 1227293?
9
What is the thousands digit of 410468?
0
What is the hundreds digit of 306328?
3
What is the units digit of 569818?
8
What is the hundreds digit of 703449?
4
What is the hundred thousands digit of 1094185?
0
What is the tens digit of 4484796?
9
What is the thousands digit of 72716?
2
What is the ten thousands digit of 13891627?
9
What is the ten thousands digit of 165525?
6
What is the hundred thousands digit of 119296?
1
What is the thousands digit of 334466?
4
What is the hundred thousands digit of 3879568?
8
What is the thousands digit of 630742?
0
What is the tens digit of 6937625?
2
What is the ten thousands digit of 16269?
1
What is the millions digit of 1598654?
1
What is the units digit of 1138965?
5
What is the millions digit of 4100360?
4
What is the ten thousands digit of 34122800?
2
What is the hundreds digit of 1231171?
1
What is the thousands digit of 246859?
6
What is the hundreds digit of 8648751?
7
What is the units digit of 96244?
4
What is the thousands digit of 282171?
2
What is the ten thousands digit of 235756?
3
What is the tens digit of 12560712?
1
What is the thousands digit of 1623163?
3
What is the units digit of 12935290?
0
What is the hundred thousands digit of 790992?
7
What is the hundred thousands digit of 5640592?
6
What is the hundreds digit of 8795834?
8
What is the thousands digit of 2179486?
9
What is the thousands digit of 875873?
5
What is the hundred thousands digit of 17434030?
4
What is the millions digit of 20171922?
0
What is the thousands digit of 256334?
6
What is the hundred thousands digit of 462319?
4
What is the hundred thousands digit of 1287434?
2
What is the tens digit of 2134615?
1
What is the millions digit of 1745159?
1
What is the millions digit of 2278983?
2
What is the units digit of 6804168?
8
What is the hundred thousands digit of 8226980?
2
What is the millions digit of 1235451?
1
What is the tens digit of 232861?
6
What is the tens digit of 25288?
8
What is the tens digit of 21252869?
6
What is the units digit of 365642?
2
What is the units digit of 1517581?
1
What is the hundreds digit of 3442747?
7
What is the thousands digit of 299586?
9
What is the units digit of 6064641?
1
What is the units digit of 6231906?
6
What is the tens digit of 581879?
7
What is the tens digit of 1559106?
0
What is the hundreds digit of 1103145?
1
What is the ten thousands digit of 3074218?
7
What is the hundreds digit of 15504470?
4
What is the hundred thousands digit of 103090?
1
What is the units digit of 40403038?
8
What is the hundred thousands digit of 2848119?
8
What is the hundreds digit of 1861596?
5
What is the hundred thousands digit of 25535726?
5
What is the millions digit of 3612978?
3
What is the millions digit of 10350259?
0
What is the tens digit of 6149848?
4
What is the hundreds digit of 11608505?
5
What is the ten thousands digit of 304652?
0
What is the units digit of 1070145?
5
What is the thousands digit of 14451586?
1
What is the thousands digit of 376458?
6
What is the hundred thousands digit of 1041754?
0
What is the units digit of 25049?
9
What is the tens digit of 1685919?
1
What is the tens digit of 23295?
9
What is the thousands digit of 1550077?
0
What is the ten thousands digit of 373990?
7
What is the ten thousands digit of 19797?
1
What is the tens digit of 4348467?
6
What is the hundred thousands digit of 1738732?
7
What is the hundred thousands digit of 2767866?
7
What is the tens digit of 55960?
6
What is the thousands digit of 14366605?
6
What is the thousands digit of 1095976?
5
What is the ten thousands digit of 490171?
9
What is the ten thousands digit of 583568?
8
What is the hundreds digit of 8237368?
3
What is the thousands digit of 206547?
6
What is the thousands digit of 5806257?
6
What is the ten thousands digit of 2575340?
7
What is the ten thousands digit of 728149?
2
What is the hundred thousands digit of 121432?
1
What is the tens digit of 9355025?
2
What is the tens digit of 721240?
4
What is the ten thousands digit of 77081?
7
What is the ten millions digit of 20628300?
2
What is the tens digit of 14631993?
9
What is the hundreds digit of 20301830?
8
What is the thousands digit of 11475243?
5
What is the units digit of 422392?
2
What is the hundred thousands digit of 159946?
1
What is the ten thousands digit of 257127?
5
What is the hundred thousands digit of 7024951?
0
What is the ten thousan